True
Does 50 divide 4000?
True
Is 50 a factor of 31650?
True
Is 11512 a multiple of 4?
True
Is 9 a factor of 819?
True
Is 83 a factor of 1384?
False
Is 1710 a multiple of 38?
True
Is 371 a multiple of 9?
False
Is 515 a multiple of 6?
False
Is 43 a factor of 43?
True
Does 61 divide 1445?
False
Is 512 a multiple of 8?
True
Is 3116 a multiple of 12?
False
Does 108 divide 12744?
True
Does 19 divide 304?
True
Does 8 divide 1440?
True
Does 28 divide 5841?
False
Does 30 divide 2053?
False
Is 21 a factor of 1393?
False
Is 20511 a multiple of 47?
False
Is 76 a factor of 472?
False
Is 154 a multiple of 7?
True
Is 1976 a multiple of 8?
True
Is 4 a factor of 105?
False
Is 9 a factor of 2079?
True
Is 3042 a multiple of 78?
True
Is 4039 a multiple of 81?
False
Is 23 a factor of 2852?
True
Is 155 a multiple of 2?
False
Is 145 a multiple of 2?
False
Does 14 divide 5748?
False
Is 242 a multiple of 7?
False
Is 31179 a multiple of 270?
False
Is 35 a factor of 175?
True
Is 796 a multiple of 13?
False
Is 30 a factor of 1050?
True
Is 23 a factor of 974?
False
Is 9 a factor of 104?
False
Is 3111 a multiple of 22?
False
Is 5380 a multiple of 21?
False
Is 3060 a multiple of 8?
False
Does 5 divide 176?
False
Is 166462 a multiple of 10?
False
Does 15 divide 5664?
False
Is 155 a factor of 55238?
False
Does 19 divide 1178?
True
Does 32 divide 534?
False
Does 26 divide 1136?
False
Does 5 divide 1114?
False
Is 19 a factor of 941?
False
Does 65 divide 521?
False
Is 4158 a multiple of 14?
True
Is 1882 a multiple of 69?
False
Is 203 a multiple of 11?
False
Does 76 divide 4045?
False
Is 586 a multiple of 10?
False
Is 377 a multiple of 7?
False
Is 5 a factor of 440?
True
Does 88 divide 7568?
True
Is 47 even?
False
Is 6586 a multiple of 89?
True
Is 28 a factor of 1433?
False
Is 52 a factor of 5616?
True
Is 301 a multiple of 5?
False
Does 11 divide 715?
True
Is 1260 a multiple of 14?
True
Is 24 a factor of 6696?
True
Is 432 a multiple of 24?
True
Is 73 a factor of 2511?
False
Does 4 divide 11?
False
Is 103 a factor of 6562?
False
Is 1944 a multiple of 81?
True
Does 137 divide 4417?
False
Is 1764 a multiple of 42?
True
Is 4847 a multiple of 8?
False
Is 22 a factor of 10758?
True
Does 162 divide 7518?
False
Is 11 a factor of 770?
True
Does 16 divide 6557?
False
Does 31 divide 35026?
False
Is 8 a factor of 3992?
True
Is 67 a factor of 7547?
False
Does 10 divide 76?
False
Does 31 divide 670?
False
Does 27 divide 2600?
False
Does 14 divide 322?
True
Is 710 a multiple of 44?
False
Is 195 a factor of 81423?
False
Does 11 divide 1223?
False
Is 32 a factor of 544?
True
Is 82 a factor of 22304?
True
Does 12 divide 204?
True
Is 13 a factor of 1105?
True
Does 13 divide 1976?
True
Is 466 even?
True
Does 37 divide 962?
True
Does 103 divide 26677?
True
Is 4 a factor of 80?
True
Is 3912 a multiple of 40?
False
Does 5 divide 780?
True
Does 34 divide 65858?
True
Does 71 divide 26057?
True
Is 112 a factor of 2561?
False
Is 26 a factor of 974?
False
Is 78481 a multiple of 10?
False
Does 251 divide 9377?
False
Is 35 a multiple of 35?
True
Is 37 a factor of 325?
False
Is 15320 a multiple of 8?
True
Does 199 divide 2049?
False
Is 44 a factor of 38148?
True
Does 10 divide 3820?
True
Is 21714 a multiple of 141?
True
Does 34 divide 85895?
False
Is 476 a multiple of 34?
True
Is 36 a factor of 24732?
True
Is 43 a factor of 24563?
False
Is 108 a factor of 14356?
False
Does 63 divide 49329?
True
Is 60 a factor of 7980?
True
Is 2256 a multiple of 20?
False
Does 62 divide 1319?
False
Is 1952 a multiple of 32?
True
Is 2706 a multiple of 13?
False
Does 39 divide 1078?
False
Is 33 a factor of 12111?
True
Is 8745 a multiple of 33?
True
Does 45 divide 3498?
False
Is 2 a factor of 79?
False
Does 24 divide 2496?
True
Is 17 a factor of 136?
True
Does 22 divide 1389?
False
Is 759 a multiple of 23?
True
Is 240 a multiple of 6?
True
Is 40 a factor of 3000?
True
Is 14 a factor of 358?
False
Is 42 a factor of 6852?
False
Does 24 divide 16320?
True
Is 169 a factor of 13689?
True
Does 21 divide 26828?
False
Does 25 divide 26269?
False
Is 1556 a multiple of 131?
False
Does 244 divide 23064?
False
Is 2478 a multiple of 177?
True
Does 11 divide 242?
True
Is 3 a factor of 111?
True
Does 49 divide 2597?
True
Is 24598 a multiple of 74?
False
Is 139 a factor of 23074?
True
Does 2 divide 81?
False
Is 26 a factor of 33637?
False
Is 1320 a multiple of 44?
True
Does 41 divide 752?
False
Is 10 a factor of 91029?
False
Is 59 a factor of 22726?
False
Is 513 a multiple of 24?
False
Is 2231 even?
False
Is 9072 a multiple of 36?
True
Does 3 divide 868?
False
Is 5 a factor of 126?
False
Is 21 a factor of 381?
False
Is 5 a factor of 940?
True
Is 20362 a multiple of 72?
False
Does 24 divide 91488?
True
Does 17 divide 309?
False
Does 6 divide 2340?
True
Does 151 divide 81087?
True
Does 41 divide 82132?
False
Does 11 divide 1650?
True
Is 151 a multiple of 25?
False
Is 66 a factor of 1712?
False
Does 73 divide 487?
False
Is 12 a factor of 54929?
False
Does 20 divide 1540?
True
Does 98 divide 12720?
False
Is 4950 a multiple of 90?
True
Is 35 a factor of 5915?
True
Does 80 divide 60774?
False
Is 47 a factor of 5195?
False
Is 123 a factor of 4103?
False
Does 3 divide 27?
True
Is 13 a factor of 103831?
True
Is 13 a factor of 31863?
True
Is 210 a factor of 32888?
False
Is 810 a multiple of 14?
False
Is 165 a multiple of 7?
False
Is 119 a multiple of 17?
True
Is 26 a factor of 494?
True
Is 3 a factor of 13?
False
Is 79 a factor of 25438?
True
Does 8 divide 15735?
False
Is 99 a factor of 19305?
True
Is 16012 a multiple of 5?
False
Does 20 divide 4390?
False
Is 50 a factor of 744?
False
Is 1761 a multiple of 5?
False
Is 1120 a multiple of 8?
True
Is 16 a factor of 21392?
True
Is 135 a factor of 952?
False
Is 377 a multiple of 2?
False
Is 154 a factor of 49126?
True
Does 14 divide 322?
True
Does 27 divide 1424?
False
Is 84 a factor of 16296?
True
Does 52 divide 2340?
True
Does 7 divide 644?
True
Is 32 a factor of 672?
True
Is 6 a factor of 27985?
False
Is 11 a factor of 946?
True
Is 7 a factor of 845?
False
Is 1078 a multiple of 44?
False
Does 30 divide 2852?
False
Does 60 divide 900?
True
Does 4 divide 372?
True
Is 13000 a multiple of 65?
True
Is 18 a factor of 1891?
False
Is 17 a factor of 7545?
False
Is 1482 a multiple of 19?
True
Is 2247 a multiple of 13?
False
Does 14 divide 10571?
False
Is 12 a factor of 5259?
False
Is 543 a multiple of 16?
False
Is 38488 a multiple of 18?
False
Is 949 a multiple of 50?
False
Does 3 divide 247?
False
Does 19 divide 622?
False
Is 27972 a multiple of 54?
True
Does 13 divide 1122?
False
Is 22 a factor of 4686?
True
Is 72 a factor of 5904?
True
Does 7 divide 476?
True
Is 54 a factor of 4212?
True
Is 2438 a multiple of 16?
False
Is 27 a factor of 594?
True
Does 153 divide 3719?
False
Is 10270 a multiple of 79?
True
Does 18 divide 723?
False
Does 67 divide 603?
True
Is 25 a factor of 800?
True
Is 236 a factor of 13216?
True
Does 185 divide 21448?
False
Is 16956 a multiple of 12?
True
Is 4498 a multiple of 13?
True
Does 8 divide 448?
True
Is 19 a factor of 1397?
False
Does 75 divide 21202?
False
Does 159 divide 20717?
False
Is 2374 a multiple of 11?
False
Is 65290 a multiple of 26?
False
Does 190 divide 50206?
False
Is 4682 a multiple of 62?
False
Is 31 a factor of 589?
True
Is 42 a factor of 7793?
False
Is 40 a factor of 34172?
False
Does 12 divide 504?
True
Is 33 a factor of 54?
False
Is 918 a multiple of 45?
False
Is 12 a multiple of 12?
True
Does 39 divide 390?
True
Is 12 a factor of 594?
False
Is 27308 a multiple of 3?
False
Is 12 a factor of 1128?
True
Does 16 divide 6432?
True
Is 4368 a multiple of 24?
True
Does 14 divide 3850?
True
Does 19 divide 2109?
True
Does 3 divide 223?
False
Is 20 a factor of 2060?
True
Is 11 a factor of 75?
False
Is 69248 a multiple of 9?
False
Does 18 divide 1879?
False
Does 18 divide 206?
False
Is 34285 a multiple of 59?
False
Is 9 a factor of 36?
True
Is 8610 a multiple of 14?
True
Is 41 a factor of 24313?
True
Does 10 divide 2230?
True
Is 9213 a multiple of 37?
True
Does 23 divide 394?
False
Is 2252 a multiple of 34?
False
Is 10430 a multiple of 14?
True
Is 35310 a multiple of 22?
True
Is 161 a factor of 9958?
False
Is 5725 a multiple of 12?
False
Does 21 divide 820?
False
Does 43 div